2?
2, 11, 31, 641
What are the prime factors of 6687295?
5, 1337459
What are the prime factors of 2302220?
2, 5, 43, 2677
What are the prime factors of 3780654?
2, 3, 191, 3299
What are the prime factors of 782509?
7, 13, 8599
List the prime factors of 1647199.
499, 3301
List the prime factors of 3700932.
2, 3, 308411
What are the prime factors of 309211?
7, 163, 271
List the prime factors of 2216592.
2, 3, 7, 733
What are the prime factors of 62011?
62011
List the prime factors of 2071678.
2, 7, 147977
List the prime factors of 19641415.
5, 3928283
What are the prime factors of 1527333?
3, 59, 8629
What are the prime factors of 3564638?
2, 7, 11, 79, 293
List the prime factors of 4206735.
3, 5, 13, 17, 47
List the prime factors of 1318611.
3, 7, 62791
List the prime factors of 4154374.
2, 7, 296741
What are the prime factors of 706360?
2, 5, 17659
What are the prime factors of 4272153?
3, 127, 11213
What are the prime factors of 94811?
94811
What are the prime factors of 625847?
67, 9341
What are the prime factors of 215202?
2, 3, 13, 31, 89
List the prime factors of 8497455.
3, 5, 41, 337
What are the prime factors of 6393229?
6393229
List the prime factors of 696628.
2, 174157
List the prime factors of 50836.
2, 71, 179
List the prime factors of 247233.
3, 7, 61, 193
What are the prime factors of 896143?
896143
List the prime factors of 18069353.
18069353
What are the prime factors of 36903?
3, 12301
List the prime factors of 1451839.
1451839
What are the prime factors of 5621247?
3, 47, 97, 137
List the prime factors of 234497.
421, 557
List the prime factors of 2426869.
17, 142757
What are the prime factors of 2893825?
5, 11, 17, 619
What are the prime factors of 18634?
2, 7, 11
What are the prime factors of 392688?
2, 3, 101
List the prime factors of 429692.
2, 17, 71, 89
What are the prime factors of 33472?
2, 523
What are the prime factors of 551936?
2, 7, 11
What are the prime factors of 1333005?
3, 5, 88867
What are the prime factors of 1880527?
11, 170957
List the prime factors of 1222880.
2, 5, 7643
What are the prime factors of 2645?
5, 23
List the prime factors of 371418.
2, 3, 103, 601
What are the prime factors of 21303929?
569, 37441
List the prime factors of 11260059.
3, 3753353
List the prime factors of 1107543.
3, 369181
What are the prime factors of 120088?
2, 17, 883
What are the prime factors of 117524?
2, 11, 2671
List the prime factors of 12706135.
5, 13, 195479
List the prime factors of 241143.
3, 7, 11483
What are the prime factors of 18073113?
3, 6024371
What are the prime factors of 17194037?
7, 613, 4007
What are the prime factors of 317883?
3, 17, 23, 271
List the prime factors of 32947.
47, 701
What are the prime factors of 2856149?
2856149
What are the prime factors of 425676?
2, 3, 19, 1867
List the prime factors of 911699.
157, 5807
List the prime factors of 415977.
3, 313, 443
What are the prime factors of 1419109?
17, 83477
What are the prime factors of 573619?
53, 79, 137
What are the prime factors of 1675563?
3, 558521
List the prime factors of 143082.
2, 3, 7949
What are the prime factors of 12876823?
43, 347, 863
List the prime factors of 211695.
3, 5, 11, 1283
List the prime factors of 7589624.
2, 7, 313, 433
List the prime factors of 76444.
2, 29, 659
List the prime factors of 12800157.
3, 1783, 2393
List the prime factors of 6678342.
2, 3, 11, 11243
What are the prime factors of 274985?
5, 43, 1279
What are the prime factors of 3263943?
3, 1087981
What are the prime factors of 35056745?
5, 67, 227, 461
List the prime factors of 1097729.
1097729
List the prime factors of 90194.
2, 13, 3469
What are the prime factors of 158848?
2, 17, 73
What are the prime factors of 1280591?
13, 98507
List the prime factors of 1136081.
1136081
What are the prime factors of 589760?
2, 5, 19, 97
What are the prime factors of 4575119?
53, 86323
List the prime factors of 4950029.
7, 101021
List the prime factors of 617432.
2, 113, 683
List the prime factors of 243746.
2, 17, 67, 107
What are the prime factors of 1216663?
7, 179, 971
List the prime factors of 605446.
2, 302723
What are the prime factors of 2073331?
13, 43, 3709
List the prime factors of 14836269.
3, 7, 100927
List the prime factors of 816682.
2, 408341
List the prime factors of 29067.
3, 9689
What are the prime factors of 3412990?
2, 5, 7, 48757
List the prime factors of 1157269.
73, 83, 191
List the prime factors of 168627.
3, 56209
List the prime factors of 1593460.
2, 5, 11, 7243
List the prime factors of 444546.
2, 3, 24697
List the prime factors of 234525.
3, 5, 53, 59
List the prime factors of 136868.
2, 34217
What are the prime factors of 5571?
3, 619
What are the prime factors of 271187?
7, 19, 2039
List the prime factors of 7737547.
7737547
What are the prime factors of 170820?
2, 3, 5, 13, 73
What are the prime factors of 1337265?
3, 5, 29717
List the prime factors of 10384699.
13, 798823
List the prime factors of 1057026.
2, 3, 17, 43, 241
What are the prime factors of 463374?
2, 3, 8581
List the prime factors of 343454.
2, 83, 2069
What are the prime factors of 8317052?
2, 31, 67073
What are the prime factors of 618872?
2, 77359
List the prime factors of 35310.
2, 3, 5, 11, 107
What are the prime factors of 262658?
2, 11, 11939
List the prime factors of 12912437.
12912437
List the prime factors of 982166.
2, 491083
What are the prime factors of 2728363?
11, 248033
What are the prime factors of 124513?
124513
List the prime factors of 71498.
2, 7, 5107
List the prime factors of 1250827.
19, 43, 1531
What are the prime factors of 11862906?
2, 3, 11, 17, 97, 109
List the prime factors of 17963.
11, 23, 71
List the prime factors of 2441272.
2, 19, 16061
List the prime factors of 169836.
2, 3, 14153
List the prime factors of 1748766.
2, 3, 223, 1307
What are the prime factors of 265348?
2, 66337
List the prime factors of 5260715.
5, 113, 9311
What are the prime factors of 69673?
19, 193
What are the prime factors of 600129?
3, 31, 239
What are the prime factors of 15144335?
5, 3028867
What are the prime factors of 81131?
81131
List the prime factors of 1822590.
2, 3, 5, 7, 11, 263
List the prime factors of 10802162.
2, 7, 771583
List the prime factors of 3175887.
3, 11, 13, 673
What are the prime factors of 657824?
2, 61, 337
What are the prime factors of 973068?
2, 3, 131, 619
What are the prime factors of 504846?
2, 3, 9349
What are the prime factors of 422139?
3, 223, 631
What are the prime factors of 1135037?
347, 3271
List the prime factors of 1463486.
2, 47, 15569
What are the prime factors of 285221?
285221
List the prime factors of 1202237.
43, 73, 383
What are the prime factors of 283318?
2, 7, 59
What are the prime factors of 14006354?
2, 227, 30851
List the prime factors of 3377114.
2, 13, 193, 673
What are the prime factors of 18055918?
2, 9027959
What are the prime factors of 1827999?
3, 101, 2011
What are the prime factors of 225031?
307, 733
What are the prime factors of 357871?
113, 3167
List the prime factors of 33014058.
2, 3, 7, 11, 19, 3761
List the prime factors of 501788.
2, 7, 17921
What are the prime factors of 4085098?
2, 2042549
What are the prime factors of 23039094?
2, 3, 13, 22721
What are the prime factors of 2535402?
2, 3, 422567
List the prime factors of 310804.
2, 13, 43, 139
What are the prime factors of 6142192?
2, 7, 173, 317
What are the prime factors of 629283?
3, 47, 4463
What are the prime factors of 2106093?
3, 11, 19, 3359
List the prime factors of 1269695.
5, 7, 36277
What are the prime factors of 21828948?
2, 3, 19, 5039
List the prime factors of 209802.
2, 3, 73, 479
List the prime factors of 6347988.
2, 3, 176333
What are the prime factors of 720296?
2, 179, 503
What are the prime factors of 12685586?
2, 29, 218717
List the prime factors of 343995.
3, 5, 17, 19, 71
List the prime factors of 123460.
2, 5, 6173
What are the prime factors of 23815?
5, 11, 433
What are the prime factors of 364452?
2, 3, 11, 251
What are the prime factors of 12174864?
2, 3, 13, 109, 179
What are the prime factors of 11856?
2, 3, 13, 19
What are the prime factors of 1852670?
2, 5, 185267
List the prime factors of 244145.
5, 11, 23, 193
List the prime factors of 1591997.
11, 59, 223
What are the prime factors of 404440?
2,